iple of 9?
True
Let y = 1968 + -1592. Does 2 divide y?
True
Suppose -22 = -x - 17, 0 = -a - 3*x + 37. Suppose 3*h = -4*q - 21, 2*q - 2*h = q - 8. Let t = q + a. Is t a multiple of 7?
False
Does 11 divide 498/747*(559/2 + 1)?
True
Let k be (174/24)/(3/36). Suppose 11*h - 12*h + k = 0. Does 34 divide h?
False
Let q(a) = a - 22. Let h be q(27). Suppose h*w + 28 = 413. Is 11 a factor of w?
True
Suppose 0 = -13*k + 19*k - 384. Is 4 a factor of k?
True
Let y(u) = -u**2 - 15*u + 43. Let k be y(-14). Let n(r) = -5*r - 3. Let j be n(3). Does 5 divide 2/j*-3*k?
False
Suppose -79 = -p + 4*p - l, -5*l - 5 = p. Does 11 divide ((-90)/p - 4)*-155?
False
Let g = -6 + 4. Let y(s) = -14*s**3 - 3*s**2 + 3. Is 17 a factor of y(g)?
False
Suppose -t - 4*x + 100 = 0, 0 = 4*t - 7*t - 5*x + 307. Is t a multiple of 13?
True
Suppose 0 = -12*p + 11*p + 3. Suppose -p*g + 662 - 152 = 0. Does 34 divide g?
True
Suppose -4*v + 3*j + 4019 = 1113, j = -3*v + 2173. Is v a multiple of 25?
True
Suppose -j = -3*v + 60, -23 = -2*v - 4*j - j. Let p = -19 + v. Suppose r + p*r - 45 = 0. Is r a multiple of 18?
False
Let k = 8 + -17. Let z = -7 - k. Suppose z*y + 4*p - p = 85, p = 3. Is y a multiple of 10?
False
Suppose 9*f - 4 - 23 = 0. Suppose -5*c + 5*n + 41 = -409, f*c = -5*n + 270. Is 15 a factor of c?
True
Suppose -a - 1599 = -5*c, -5*c + a = -2*a - 1597. Does 10 divide c?
True
Let s(i) = -32*i**2 + 2*i + 1. Let f be s(-1). Suppose 0 = -3*u + 4*u + 21. Let t = u - f. Does 6 divide t?
True
Suppose c + 3 = 4*h - 14, -4 = 2*c - 2*h. Is (9 - 0)/((-918)/312 + c) a multiple of 21?
False
Suppose c - 1039 = 479. Is 23 a factor of c?
True
Let f = 1465 - 910. Does 15 divide f?
True
Let n(r) = -9*r. Let m be n(19). Let v = 210 + m. Is 2 a factor of v?
False
Let j(p) = 2*p**2 - 5*p - 5. Let u be (-9)/2 + 2/4. Let s be j(u). Let o = 82 - s. Is o a multiple of 21?
False
Let j(a) be the first derivative of a**2/2 + 3*a + 6. Let t be j(0). Is (-1)/t - (-28)/12 even?
True
Let k(y) be the third derivative of y**5/60 + y**4/24 + y**3/3 - 10*y**2. Let d be k(0). Let m = 20 - d. Does 15 divide m?
False
Let a = -1078 + 3460. Does 81 divide a?
False
Let f be (10/4)/((-25)/(-20)). Let t be (-18)/(-12)*1*f. Suppose -m = -2*a - 2*a - t, 3*m = 2*a + 29. Does 10 divide m?
False
Suppose i = -0*y - y + 197, -i + 589 = 3*y. Suppose 5*o + 5*x = 4*o + 16, -5*o + y = -4*x. Is 10 a factor of o?
False
Let n(p) = -5*p - 3. Let u(c) = 3*c + 3. Let y(i) = -3*n(i) - 4*u(i). Let m = 2 + 1. Is 6 a factor of y(m)?
True
Let m(j) = -j**2 - 17*j - 6. Let n be m(-7). Let c = 17 + n. Does 22 divide c?
False
Suppose 5*d - 2 = -0*d - 2*t, 2*d - 2*t = 12. Suppose b - 2*v = 189, d*v = 2*b - v - 380. Suppose -260 = -j - 4*j - 4*r, -b = -3*j + 5*r. Does 25 divide j?
False
Suppose -1888 = -104*j + 96*j. Does 17 divide j?
False
Suppose 5*v = 2*m + 2, 3*m - 8*m - 36 = 3*v. Let u be 657/45 + (-6)/10. Let d = m + u. Is 3 a factor of d?
False
Let a(t) = -13*t - 3. Let r(s) = s**2 - 2*s + 1. Let q be r(4). Let k = 6 - q. Is 12 a factor of a(k)?
True
Let s = -2165 + 3335. Does 30 divide s?
True
Suppose 4*u = 5*j + 20, j - u = -2*u + 5. Suppose -w + 0*w + 31 = j. Suppose 9 + w = h. Does 13 divide h?
False
Let j(o) = -166*o + o**2 + 165*o + 5*o**2. Let p(r) = -r**3 + 2*r**2 - r + 1. Let b be p(2). Is j(b) a multiple of 7?
True
Let q = 318 + -124. Let r = q + -75. Is 22 a factor of r?
False
Let t(c) = -38*c**2 + 3*c - 3. Let b be t(1). Let o = 98 + b. Is 20 a factor of o?
True
Suppose 1665 + 3384 = 9*t. Suppose 5*z = -5*m - 196 + t, z + 5*m = 73. Is 15 a factor of z?
False
Suppose 3*d - 16 = 2. Suppose 3*l = d, -l = -y - 3*l + 48. Does 13 divide y?
False
Let a(k) = -k**2 + 14*k - 29. Let b be 14/6*(14 + -11). Does 10 divide a(b)?
True
Let y = -80 - -129. Suppose -3*b = -95 - y. Is b a multiple of 16?
True
Let w = -12 - -3. Let k = 21 - w. Is 5 a factor of k?
True
Suppose 58*r - 4*s + 568 = 60*r, -3*r - 5*s = -852. Does 7 divide r?
False
Let u = 5479 - 2979. Is 23 a factor of u?
False
Suppose -2*y = 2*f - 616 - 1628, 2*f = y - 1116. Is y a multiple of 35?
True
Let m = 32 + -42. Does 11 divide (m/(-4))/(5/60)?
False
Let m = 187 - 75. Let c be (6/(-8))/((-7)/m). Suppose 3*s + 3*y - 2 - 4 = 0, 2*s = 2*y + c. Does 4 divide s?
True
Suppose 0 = -11*v + 2*v - 702. Let p = v + 198. Does 11 divide p?
False
Suppose 25*h - 26*h = -503. Is 14 a factor of h?
False
Suppose -2*j = j - 9. Suppose d = 5*i + 46, 2*d - d = j*i + 44. Does 18 divide d - 0 - 3/(-3)?
False
Let l = -3 + 6. Suppose 0 = g + 5*u - 66, 2*g - 4*g + 146 = l*u. Does 19 divide g?
True
Let r(i) = -i + 7. Let j be r(-7). Suppose 0 = -4*f - m + 10 - 3, -4*m = 2*f + j. Suppose -f*h + h + 76 = -2*x, -5*x = h - 50. Is 10 a factor of h?
True
Let i be (1 - 3)*3/(-2) - 15. Is (-6)/i - 167/(-2) a multiple of 21?
True
Suppose 4*i = 3*j - 767, -j + 5*j + 5*i - 1033 = 0. Is 12 a factor of j?
False
Let x(u) = -5*u - 79. Let k be x(-16). Is (-254886)/(-759) + k/(22/4) a multiple of 15?
False
Let n(a) = a + 2. Let d be n(4). Let z be (-13)/d + (-2)/(-12). Is 11 a factor of z/(2 + 180/(-88))?
True
Suppose 0 = -m + 2090 + 465. Is m a multiple of 74?
False
Suppose -58 - 32 = -2*w. Suppose -i - 3*x = -3*i - w, 5*x = i + 33. Let h = i - -25. Is h even?
False
Let h = 903 - 445. Is h a multiple of 41?
False
Suppose 11*k - 254 = 10*k - 2*h, -4*k - h + 1051 = 0. Does 11 divide k?
True
Let y = -9 + 21. Let f = 140 - y. Does 13 divide f?
False
Let o(x) = 4*x**2 + 3*x - 3. Let a be o(-3). Let p be 180/a*2/(-3). Is 5 + -5 + (-2 - p) a multiple of 2?
False
Let c(p) = -3*p**2 - 11*p - 6. Let g be c(4). Let k = 145 + g. Is 7 a factor of k?
False
Let g(i) = 2*i**2 - 78*i + 63. Is 13 a factor of g(40)?
True
Let r = -27 + 30. Suppose -2*p - i = -64, r*i + 13 + 5 = p. Is p a multiple of 6?
True
Suppose -7*l + 2*n = -3*l - 178, -3*l + 2*n = -136. Let v = 127 - l. Does 16 divide v?
False
Let k(n) = -n**3 + 15*n**2 + 36*n + 10. Does 10 divide k(15)?
True
Suppose -23*x - 63 = -20*x. Let s(n) = -n**2 - 27*n - 33. Does 20 divide s(x)?
False
Let u = 340 + -188. Suppose 3*k + 4*q - u = 0, -5*k - 36 + 266 = 2*q. Suppose -r + 4*n + k = 0, 22 + 46 = 2*r - 4*n. Is r a multiple of 8?
True
Let x(c) = -c**2 - 37*c - 62. Is 3 a factor of x(-14)?
False
Suppose 0 = 13*r - 15*r + 70. Does 7 divide r?
True
Suppose 13 = 3*b - 2. Let w(j) = -9*j - 5. Let g(a) = 5*a + 3. Let f(p) = b*g(p) + 2*w(p). Is f(5) a multiple of 8?
True
Let c be (75/(-30))/(2/(-212)). Suppose -c = -4*o + 95. Does 4 divide o?
False
Suppose -c + 6*c = 0. Suppose c*a = 4*r - 2*a - 496, 3*r - 3*a = 375. Does 25 divide r?
False
Suppose 8*v + 4403 - 27403 = 0. Is v a multiple of 125?
True
Suppose 27 + 3717 = 2*r. Is r a multiple of 26?
True
Let h = 169 - 314. Let m = -121 - h. Is 24 a factor of m?
True
Let q = -5 - -11. Let d(n) = -6*n + 87*n - q*n. Is 21 a factor of d(1)?
False
Let l = 10 + -9. Suppose -d + l = 5*y, -2*d + 4 = -4*y + 2. Suppose 4*v = -2*r + 74, y = -4*v - 4*r - 0*r + 64. Is v a multiple of 7?
True
Let b = 5 + -1. Suppose -s = -3*z + 2 + 3, 5*z - b*s = 20. Let o(v) = v**2 - v + 93. Is o(z) a multiple of 31?
True
Let v(q) = -q + 2. Let c be v(-7). Let o = c - 1. Suppose 5 = -t + o, g + 3*t = 41. Is g a multiple of 12?
False
Let n(q) = 16*q + 48. Does 32 divide n(15)?
True
Let j = -45 - -43. Let s(a) = -72*a + 3. Is s(j) a multiple of 21?
True
Let v(c) = -4*c - 22. Let r be v(2). Is 16 a factor of r*2*(-40)/25?
True
Suppose -2*k + 616 = 4*i - 6*i, -1 = k. Let r = -123 - i. Does 31 divide r?
True
Let m(i) = -1535*i + 2. Is 16 a factor of m(-2)?
True
Let y(n) = 2*n**3 - 10*n**2 - 13*n - 10. Let b be y(7). Suppose m = -3*s + 34, -m + 2*s = -4*m + b. Is m a multiple of 25?
False
Suppose -8*m + 5994 = 170. Is m a multiple of 9?
False
Suppose -4*u = 3*w - 5*u - 15, 5*u - 27 = -2*w. Suppose -4*s + w = -3*s. Suppose -n = -s*n - g + 102, -3*n + 60 = g. Is 7 a factor of n?
True
Suppose 5*y = -8*v + 4*v + 45, 36 = 4*y - 4*v. Is -3*(2 - 42/y) even?
True
Let l(v) = -v**3 + 10*v**2 + v - 5. Let a be l(10). Suppose -a*g + 0*n - 57 = -4*n, -5*n - 10 = 0. Let d = 25 + g. Is 6 a factor of d?
True
Suppose 2*c + 2916 = 2*l, l - 2*c - 845 - 610 = 0. Is 40 a factor of l?
False
Suppose 785 = 4*w - 323. Suppose -2*k + 113 = -w. Does 39 divide k?
True
Does 23 divide -2691*(4/(-18))/((-47)